Let g(r) = -4*r**2 + 1808*r + 358170. Calculate g(601).
-26
Let m(r) = r**3 + 101*r**2 - 1865*r + 570. What is m(-117)?
-249
Let q(j) = j**3 + 42*j**2 + 238*j - 1161. Calculate q(-34).
-5
Let h(q) = -q**2 + 12629*q + 13. Calculate h(0).
13
Let b(k) = 44*k**2 - 1025*k - 249. Determine b(25).
1626
Let k(s) = -17*s**3 - 143*s**2 + 324*s + 2096. What is k(-9)?
-10
Let b(u) = -20227*u**2 - 20248*u - 1. What is b(-1)?
20
Let l(f) = 1208*f - 61577. Determine l(51).
31
Let g(q) = 583*q - 7067. Give g(7).
-2986
Let g(h) = h**2 + 651*h + 103797. Give g(-279).
9
Let t(m) = -m**3 + 16*m**2 - 70*m - 13. Determine t(7).
-62
Let j(d) = 426*d**2 + 2517*d - 80. Calculate j(-6).
154
Let v(y) = -96*y + 1236. Calculate v(30).
-1644
Let z(b) = 2*b**3 - 23*b**2 - 173*b - 39. Give z(18).
1059
Let o(r) = -r**3 - 16*r**2 + 5013*r - 2198. Give o(63).
70
Let p(n) = 51*n**2 - 3176*n - 23703. Determine p(69).
-36
Let l(q) = 623041*q + 4984339. Calculate l(-8).
11
Let i(z) = 31314*z + 93837. Give i(-3).
-105
Let n(i) = -14005*i - 238030. Give n(-17).
55
Let x(u) = -6*u**3 - 29*u**2 + 330*u - 756. Calculate x(6).
-1116
Let m(o) = -122*o - 2925. What is m(-25)?
125
Let z(t) = -142*t**2 - 9620*t - 48088. Determine z(-5).
-3538
Let j(b) = -b**3 - 111*b**2 + 177*b + 7283. Give j(-112).
3
Let o(h) = -30128*h + 1084737. Determine o(36).
129
Let x(z) = z**2 + 7580*z + 339085. Give x(-45).
10
Let s(z) = -1030*z**2 + 259*z - 539. Determine s(2).
-4141
Let i(l) = 36*l**3 + 969*l**2 - 77*l - 59. What is i(-27)?
-167
Let j(t) = t**3 - 201*t**2 + 1884*t - 15. What is j(10)?
-275
Let n(c) = c**3 + 308*c**2 + 1224*c + 24. Give n(-4).
-8
Let x(p) = -2*p - 497. Determine x(79).
-655
Let w(o) = 3*o**3 - 94*o**2 + 149*o - 3652. What is w(31)?
6
Let a(z) = -31*z - 1654. Calculate a(-66).
392
Let a(q) = 7*q**2 + 1227*q - 16762. Calculate a(-188).
-30
Let v(k) = -267*k - 147646. What is v(-553)?
5
Let c(k) = -k**2 + 20841*k + 2304605. Calculate c(-110).
-5
Let f(p) = -765*p - 81922. Determine f(-107).
-67
Let l(a) = -446*a**3 - 1591*a**2 + 3183*a - 1. Determine l(2).
-3567
Let m(i) = -i**2 + 2522*i + 15168. Calculate m(-6).
0
Let d(s) = -s**2 + 2165*s + 15229. Calculate d(-7).
25
Let x(u) = 541*u - 38187. Give x(70).
-317
Let o(c) = 18*c**3 - 119*c**2 + 13*c + 59. Give o(6).
-259
Let p(t) = 1523*t + 371604. Give p(-244).
-8
Let l(c) = c**3 - 6*c - 247. What is l(5)?
-152
Let j(u) = -4*u**2 + 44*u + 2289. Calculate j(30).
9
Let m(h) = h**3 + 24*h**2 + 505*h + 12112. Give m(-24).
-8
Let n(y) = -3*y**2 + 18*y + 53908. Determine n(-131).
67
Let v(s) = 45*s**2 - 3071*s + 9292. What is v(65)?
-198
Let l(b) = 885*b + 274332. Determine l(-310).
-18
Let z(o) = -8283*o - 289484. Calculate z(-35).
421
Let n(g) = -35*g**2 + 6683*g + 406. Give n(191).
24
Let m(u) = -21131*u - 2599181. What is m(-123)?
-68
Let v(f) = -2*f**2 + 1210*f + 75457. What is v(662)?
-11
Let k(y) = -2*y**3 - 10*y**2 - 18*y - 15. Calculate k(-3).
3
Let j(l) = -6*l**3 - 611*l**2 + 125*l + 2340. What is j(-102)?
-6
Let g(n) = 7258*n + 181376. What is g(-25)?
-74
Let q(h) = 136*h + 18038. Determine q(-135).
-322
Let j(v) = 43*v**2 - 10252*v + 14453. Determine j(237).
-4
Let w(v) = v**3 - 105*v**2 + 190*v - 229. What is w(103)?
-1877
Let n(d) = 786*d + 6515. What is n(-9)?
-559
Let b(o) = 3555*o - 28273. Give b(7).
-3388
Let n(o) = -2*o**2 - 9779*o - 146628. Calculate n(-15).
-393
Let u(q) = -q**2 + 4516*q - 58541. Calculate u(13).
-2
Let i(s) = -38158*s + 190803. Give i(5).
13
Let u(p) = -49*p - 2706. Calculate u(-73).
871
Let v(i) = -914*i - 38396. Give v(-42).
-8
Let p(s) = s**3 - 81*s**2 - 5500*s - 24. Determine p(125).
-24
Let x(c) = -14241*c + 28534. What is x(2)?
52
Let h(s) = -1874*s + 13235. What is h(6)?
1991
Let q(m) = -161*m - 11412. Give q(-71).
19
Let d(h) = -7*h**2 + 1711*h - 1185. Give d(243).
1245
Let q(l) = 1135*l + 63497. Calculate q(-56).
-63
Let s(q) = -2*q**3 - 382*q**2 - 1005*q - 46932. Give s(-189).
129
Let w(t) = 20088*t + 1124937. Calculate w(-56).
9
Let m(k) = 20*k**3 + 237*k**2 - 358*k - 734. What is m(-13)?
33
Let x(z) = -306*z**2 + 449*z - 163. Determine x(4).
-3263
Let t(d) = -3002*d + 15069. Calculate t(5).
59
Let t(o) = 354*o + 11263. Calculate t(-31).
289
Let n(q) = -5387*q - 296283. Determine n(-55).
2
Let v(u) = 8178*u - 793222. Calculate v(97).
44
Let b(z) = z**3 + 107*z**2 - 3359*z + 1470. Give b(25).
-5
Let r(v) = 22375*v - 246120. Calculate r(11).
5
Let x(o) = -767*o**2 - 285329*o - 1861. What is x(-372)?
-1
Let z(j) = j**3 + 76*j**2 - 253*j - 1475. Determine z(-79).
-211
Let j(q) = -10313*q - 268139. What is j(-26)?
-1
Let l(u) = -u**3 - 253*u**2 + 142*u + 35964. Determine l(-253).
38
Let n(f) = -31449*f + 1037813. Give n(33).
-4
Let o(p) = 16*p**3 - 169*p**2 - 94*p + 263. Calculate o(11).
76
Let g(v) = 25539*v - 229868. What is g(9)?
-17
Let u(t) = 204285*t - 204273. Calculate u(1).
12
Let r(z) = 10*z**3 + 278*z**2 - 57*z - 26. Calculate r(-28).
2
Let p(s) = -s**3 - 36*s**2 + 6555*s - 1048. Determine p(-101).
-38
Let t(r) = -r**2 - 10983*r - 328605. What is t(-30)?
-15
Let t(g) = -4158*g - 199689. Determine t(-48).
-105
Let t(q) = 73*q - 454. Give t(6).
-16
Let p(x) = -564*x**2 + 9568*x + 346. Determine p(17).
6
Let m(g) = -g**3 + 41*g**2 - 235*g - 62. What is m(11)?
983
Let c(b) = -12*b**2 + 2141*b + 412704. Determine c(295).
-1
Let x(b) = -7*b**2 + 1241*b - 46195. Determine x(124).
57
Let v(a) = 10*a**2 - 568*a + 1869. What is v(54)?
357
Let a(l) = -14*l**2 - 3826*l - 1152. Give a(-273).
-60
Let b(h) = 266*h + 17345. Give b(-65).
55
Let j(y) = 67*y**2 - 158*y + 821. What is j(5)?
1706
Let c(i) = 56944*i + 4441599. Determine c(-78).
-33
Let q(y) = -y**2 - 215*y - 9717. Give q(-150).
33
Let k(p) = 15*p**2 - 9*p - 227. Give k(8).
661
Let w(c) = 9*c**3 - 5*c**2 - 72*c - 120. What is w(-2)?
-68
Let d(g) = -23*g**3 - 935*g**2 + 330*g - 35. What is d(-41)?
-117
Let k(a) = -168964*a - 1182636. Determine k(-7).
112
Let j(l) = 3*l**2 + 241*l + 2353. Calculate j(-11).
65
Let v(a) = -6915684*a - 41494105. Calculate v(-6).
-1
Let h(s) = 11119*s**2 - 967354*s + 88. Determine h(87).
1
Let c(v) = -9*v**2 + 768*v - 181. Give c(84).
827
Let x(u) = -863*u + 11917. Give x(14).
-165
Let q(j) = -18076*j - 11894006. Calculate q(-658).
2
Let u(l) = 11*l**2 - 8177*l - 49454. What is u(-6)?
4
Let d(h) = 8*h**2 + 199*h - 3426. What is d(15)?
1359
Let x(n) = n**2 + 253*n + 5395. Give x(-231).
313
Let s(z) = -4*z**2 - 701*z - 30266. Calculate s(-77).
-5
Let m(k) = 494*k + 5878. What is m(-12)?
-50
Let w(q) = q**2 + 123*q + 78. Determine w(-110).
-1352
Let q(h) = 38*h**2 + 42566*h + 6720. Give q(-1120).
0
Let s(k) = 58740*k - 1762205. Determine s(30).
-5
Let k(d) = 63*d**3 + 1534*d**2 - 4598*d + 6. What is k(3)?
1719
Let o(q) = q**3 + 240*q**2 + 103*q - 198509. Calculate o(-236).
-33
Let y(f) = 1226*f - 9464. What is y(8)?
344
Let s(w) = -13*w**2 - 71*w + 920. Give s(6).
26
Let k(a) = -a**2 - 53*a + 405. What is k(-12)?
897
Let k(l) = 28046*l + 1234143. Determine k(-44).
119
Let p(w) = -1223*w - 63703. Give p(-52).
-107
Let d(l) = -37*l**2 + 402*l - 1127. Calculate d(3).
-254
Let y(j) = j**3 - 37*j**2 - 136*j + 371. Determine y(-5).
1
Let n(q) = q**2 - 75951*q + 911228. Give n(12).
-40
Let i(x) = -2*x**3 + 1306*x**2 + 2471*x + 97589. Determine i(655).
-6
Let s(g) = -g**3 - 69*g**2 - 34*g + 39. Give s(0).
39
Let d(b) = -37*b + 673. Determine d(-9).
1006
Let g(t) = 127*t**3 + 54*t**2 - 672*t - 672. What is g(-1)?
-73
Let l(f) = 465*f + 6074. Calculate l(-11).
959
Let h(v) = 139*v**2 + 8146*v - 8150. Calculate h(1).
135
Let t(a) = 5*a**2 - 5545*a + 27703. Give t(5).
103
Let y(z) = -212*z - 374. Give y(-10).
1746
Let r(l) = -7*l**3 - 4898*l**2 - 9803*l - 11. Give r(-2).
59
Let u(r) = -2352*r + 3566. Give u(2).
-1138
Let v(z) = 10*z**2 + 92*z + 69. Give v(-5).
-141
Let g(c) = c**3 - 38*c**2 - 726*c + 25. What is g(-14)?
-3
Let n(u) = 74*u**2 - 85562*u + 20815. Determine n(1156).
7
Let a(f) = f**3 - 32*f**2 + 160*f + 379. Calculate a(25).
4
Let u(t) = 4*t**3 - 43*t**2 + 68*t - 353. What is u(10)?
27
Let l(m) = -5*m**2 + 959*m + 100. Determine l(192).
-92
Let a(o) = 2894*o - 51552. What is a(18)?
540
Let j(r) = -r**3 + 199*r**2 + 4588*r - 673. Determine j(-21).
-1
Let s(g) = -399736*g + 1598961. Calculate s(4).
17
Let h(m) = 78